2, 3, 173
Let l(m) = 47*m**2 + 47*m + 150. What are the prime factors of l(-22)?
2, 3, 911
Suppose -b + 2*l = -6*b + 26, l = -b + 7. Suppose -286 = b*i - 5*i. What are the prime factors of i?
2, 11, 13
Let p(r) = -15*r - 4. Let y(h) = -30*h - 8. Let t(o) = 5*p(o) - 3*y(o). Suppose 0 = -2*q + w + 3, -q - 3*w - 3 = -5*q. List the prime factors of t(q).
7
Let m(n) = -n**3 - 7*n**2 + 10*n - 4. Suppose 0 = -3*o - 3 + 6, 59 = -5*x + 4*o. List the prime factors of m(x).
2, 5, 37
Let n(s) be the third derivative of 0 + 1/24*s**4 + 23*s**2 - 4*s**3 + 0*s + 1/15*s**5. What are the prime factors of n(6)?
2, 3, 7
Suppose 5*p + 5*y = p + 99241, -y = -5. What are the prime factors of p?
2, 3, 13, 53
Let s be -2*(-3 - 27/(-6)). Let b be (-4)/10 - -6*s/30. What are the prime factors of -6 + 26 - -6*b/2?
17
Suppose 0 = -4*m + 5*h + 31761, -5*h = 7*m - 8*m + 7929. List the prime factors of m.
2, 3, 331
Suppose -2*d - 3*d = -v + 187, -4*d - 12 = 0. Let o = v + -15. What are the prime factors of o?
157
Suppose 5*p = -5*n - 37 + 112, 0 = -3*n + 5*p + 5. What are the prime factors of n/25*(-1 - (-4518)/3)?
2, 7, 43
Let d = 121637 - 60035. List the prime factors of d.
2, 3, 10267
Let m be (-3549)/(-14) - (1 - 1/(-2)). Suppose -5*g + m = 2*q, 5*q + 2*g - 200 = 472. Let u = q + -55. List the prime factors of u.
3
Let a(g) = 2335*g - 1. Let l be a(-1). Let t = 3708 + l. What are the prime factors of t?
2, 7
Suppose -5*s = 4*d - 62320, -41*s + 40*s + 12464 = -5*d. List the prime factors of s.
2, 19, 41
Suppose 233 + 43 = -5*t + 3*m, -5*t - m = 268. Let k = t + 184. What are the prime factors of k?
2, 5, 13
Suppose 4*f - 2*f - 1057 = k, -1605 = -3*f - 5*k. Suppose -3*p = -2*o - 267 - f, 5*o + 1335 = 5*p. List the prime factors of p.
263
Suppose p = -2*p + 66. Suppose 3*w + 855 = p*w. List the prime factors of w.
3, 5
Let v(z) = 67*z**2 - 103*z + 1044. List the prime factors of v(19).
2, 3, 431
Suppose -8*f - 2*y = -5*f - 22701, 0 = -f - y + 7568. Suppose 1293 - f = -7*m. What are the prime factors of m?
2, 7
Let b(l) = -l**3 + 10*l**2 - 2*l - 13. Let s be b(9). Let p be s/(3*2/(-12)). What are the prime factors of (p/(-16))/((-196)/(-64) - 3)?
2, 5
List the prime factors of ((-1)/(7/(-2 + -5)))/(4/50520).
2, 3, 5, 421
Let r(b) = -202 + 169 - 5*b - b. What are the prime factors of r(-13)?
3, 5
Suppose -z + 4*z + 910 = -5*y, -4*z = -3*y - 517. Suppose -8*r = -9*r + 422. Let t = r + y. List the prime factors of t.
3
Let n(l) = -15*l**3 + 5*l**2 + 27*l + 38. Let j(s) = -17*s**3 + 4*s**2 + 26*s + 39. Let f(g) = 4*j(g) - 3*n(g). List the prime factors of f(-2).
2, 23
Let m(h) = 37*h**3 - 18*h**2 + 2*h - 105. What are the prime factors of m(10)?
3, 5, 2341
Let t(g) = -3*g - 41. Let n(c) = -c + 1. Let d(q) = 3*n(q) + t(q). Let r be d(-6). What are the prime factors of (-1)/r*4*(-348)/(-24)?
29
Let u be (-2)/3 - (8 + (-76)/6). Suppose 3*d = -19*z + 14*z + 9217, 4*d = u*z - 7348. What are the prime factors of z?
7, 263
Let f = -625 + 646. Suppose -3300 + 969 = -f*w. What are the prime factors of w?
3, 37
Suppose -5*j - 2*d = -45 - 18, 4*d + 28 = 4*j. Suppose -59 = -4*k - 124*l + 121*l, 0 = -4*k + 4*l + 80. Let h = j + k. What are the prime factors of h?
2, 7
Let z(u) = -u**2 - 11*u - 28. Let f be z(-7). Suppose -18*w + 16*w + 18 = f. Let i(v) = 12*v - 30. What are the prime factors of i(w)?
2, 3, 13
Let o(w) = 63*w - 38*w - w**2 - 35*w - 12. Let f be o(-8). Suppose -3*i + 112 = f*r, r - 7 - 4 = -5*i. What are the prime factors of r?
31
Suppose 75 = -m + 2. Let t = 109 + m. Suppose 0 = 4*r + f - 42, r + 3*r + 4*f = t. What are the prime factors of r?
11
List the prime factors of (-2 + 169191/21 + 6/21)*1.
3, 5, 179
Let t = 2506 + 187. What are the prime factors of t?
2693
Let v be (-2)/((-2)/716 + 0). Suppose -o - v = -2*o. What are the prime factors of o?
2, 179
Let r = -5073 - -5217. List the prime factors of r.
2, 3
List the prime factors of 3 - (2914596/(-459) - (-2)/(-17)).
6353
Suppose 267*b = 237*b + 269730. List the prime factors of b.
3, 37
List the prime factors of 14089/9 - (-196)/(-441).
5, 313
Suppose -5*p - 47 = d, 2*d + 7 = 3. Let x(c) = 8*c**2 - 10*c + 92. List the prime factors of x(p).
2, 5, 83
Let i = 4340 + -2200. What are the prime factors of i?
2, 5, 107
Let o = 71 + -39. Suppose -o = -6*p - 2. Suppose -5*v = 10, 0 = p*n - v - 346 + 114. What are the prime factors of n?
2, 23
Let p(i) = i**3 - 24*i**2 + 23*i - 16. What are the prime factors of p(26)?
2, 967
Let p = 2 + 0. Let t(j) = -5*j**2 - 176*j + 147. Let l be t(-36). List the prime factors of (p/(-4))/(l/(-684)*1).
2, 3, 19
Let x = -869 + 870. List the prime factors of 1/(x - (-1230)/(-1233)).
3, 137
List the prime factors of (18 - -4) + -15 + 0 + 2145.
2, 269
Let t(i) = 66*i**2 + 25*i + 1. What are the prime factors of t(-18)?
5, 53, 79
Let z = -313 - -127. Let m be (3756/48)/(1/4). Let l = z + m. List the prime factors of l.
127
Suppose 5632 = 4*f - 4*d, 5*d - 2871 = -2*f - 55. Suppose -12*r - 4*r = -f. What are the prime factors of r?
2, 11
Suppose -16 = 6*g - 160. Let u be 5 - ((-1)/(-7) - g/21). List the prime factors of (222/9)/(u/9).
37
Suppose 3*v - 5619 = -3*r, 0*r = 4*v - 4*r - 7484. What are the prime factors of v?
2, 3, 13
Suppose 7*y + 4*y + 44 = 0. Let w(p) = -p**3 - 3*p**2 + 9*p + 10. Let z be w(y). Let n(h) = -4*h + 32. List the prime factors of n(z).
2, 3
What are the prime factors of 19/(228/73776) - 16?
2, 3, 7, 73
Let p = 22 - 18. Suppose p + 11 = 5*n. Suppose 2*i = n*i - 87. What are the prime factors of i?
3, 29
Suppose 804*z - 1392363 = 777*z. List the prime factors of z.
7, 53, 139
Let j = 89 - 157. Let b be j*((-4)/22 - (-20)/(-11)). Let u = b + -33. What are the prime factors of u?
103
Let c(v) = -3*v + 12*v + 134 - 64*v - 35*v. What are the prime factors of c(-12)?
2, 607
Let r(s) = 14*s**2 - 98*s + 62. Let p(h) = 5*h**2 - 33*h + 21. Let z(b) = -17*p(b) + 6*r(b). List the prime factors of z(-21).
3, 47
Suppose -260*d + 4665502 + 2865195 = 1310977. List the prime factors of d.
2, 3, 443
Let z = 41579 + -27046. List the prime factors of z.
14533
Let m = 184 - 592. Let x = 995 + m. List the prime factors of x.
587
Suppose p = -3*i + 151558 - 15489, -6*i + 272135 = -p. What are the prime factors of i?
2, 17, 23, 29
Suppose 0 = -12*q + 64 + 380. Let a = 42 - q. Suppose -277 = -n + 2*s, 1172 + 200 = a*n + 3*s. List the prime factors of n.
5, 11
Let h(j) = -14*j**3 + j**2 + 2*j + 2. Let b = -109 - -115. Suppose 4 - 10 = b*n. What are the prime factors of h(n)?
3, 5
Suppose 2*n + 34 + 202 = 0. Let b = 100 - 297. Let g = n - b. What are the prime factors of g?
79
Let b(p) = -10*p - 117. Let u be b(-13). List the prime factors of -1 + -3 - (-281 - u).
2, 5, 29
Let k(m) = -69*m + 0 + 242*m + 375*m + 27. What are the prime factors of k(2)?
1123
Let r be 10*((-15)/(-6) + -2)*1. Suppose x + 3 = -3*s, 3*x - 3 = -r*s - 4. Suppose -7*b + 772 = -x*b. List the prime factors of b.
193
Let k(c) = -c**2 + 5*c + 1. Let i be k(4). Suppose 0*a + i = -a. What are the prime factors of (-8)/(-2) + (a - -112)?
3, 37
Suppose 3*c = 3*r + 1215, -c + 1195 = -3*r - 3*c. Let h = r - -561. What are the prime factors of h?
2, 5
Suppose 0*i = -4*i - 12. Let j be 12/(-2)*(i - 20/(-8)). What are the prime factors of (5 + -4)/(2/516*j)?
2, 43
Suppose 4748 = 4*i - 4*c, -2*i - c = -5*c - 2376. Let n = -663 + i. List the prime factors of n.
523
Let d = -21957 + 24257. What are the prime factors of d?
2, 5, 23
Suppose x + 1 - 4 = 0. Let q(c) = 38*c - 144. Let k be q(8). Suppose -3*n + 120 = -0*l - x*l, -k = -4*n - l. What are the prime factors of n?
2, 5
List the prime factors of (-1)/(2*(1 - 13895/13894)).
6947
Let k(q) = -55*q + 30. Let a(v) = -167*v + 91. Let i(t) = -2*a(t) + 7*k(t). List the prime factors of i(-7).
5, 7, 11
Let l(n) = n**3 + 101*n**2 - 19*n - 20. List the prime factors of l(-36).
2, 10613
Let n be (1/(-3))/((-5)/75). Suppose -n*y + 20 = -l, -y - 4*l - 28 = -11. Suppose y*i = -b - 0*i + 123, -i = 2. List the prime factors of b.
3, 43
Let q(u) = 17910*u**3 + 19*u - 18. What are the prime factors of q(1)?
17911
Suppose 4*z - 4 = 3*m + 1, -5*z = 3*m + 14. Let o(i) = 5*i**2 - i - 2. Let u be o(z). Suppose 0 = 4*n + 12, u*y - 237 = 3*n + 504. List the prime factors of y.
3, 61
Let g = 1252 - 1277. Let r